{"id":285,"date":"2021-06-11T15:36:42","date_gmt":"2021-06-11T13:36:42","guid":{"rendered":"http:\/\/akaption.be\/lsrpharma\/?page_id=285"},"modified":"2023-09-12T08:37:08","modified_gmt":"2023-09-12T06:37:08","slug":"mentions-legales","status":"publish","type":"page","link":"https:\/\/akaption.be\/lsrpharma\/mentions-legales\/","title":{"rendered":"Mentions l\u00e9gales"},"content":{"rendered":"<p>[vc_row section_id=\u00a0\u00bbbanner\u00a0\u00bb][vc_column heading_color=\u00a0\u00bblight\u00a0\u00bb]<div class=\"grve-empty-space grve-height-4x\" style=\"\"><\/div><h1 class=\"grve-element grve-title grve-align-center grve-h1\" style=\"\"><span>Mentions l\u00e9gales<\/span><\/h1><div class=\"grve-empty-space grve-height-4x\" style=\"\"><\/div>[\/vc_column][\/vc_row][vc_row padding_top_multiplier=\u00a0\u00bb3x\u00a0\u00bb padding_bottom_multiplier=\u00a0\u00bb3x\u00a0\u00bb][vc_column][vc_column_text]Nom du titulaire : <strong>Val\u00e9rie Wilmart<\/strong><\/p>\n<p>Adresse g\u00e9ographique : <strong>Rue de Huy, 153<\/strong><\/p>\n<p>Num\u00e9ro de t\u00e9l\u00e9phone : <strong>019\/65.90.05<\/strong><\/p>\n<p>Num\u00e9ro d\u2019autorisation APB<strong> n\u00b0644201<\/strong><\/p>\n<p>Heures d\u2019ouverture de la pharmacie :<a href=\"https:\/\/akaption.be\/lsrpharma\/#contact\"><strong> ici<\/strong><\/a><\/p>\n<p>Information concernant le service de garde : <strong><a href=\"https:\/\/www.pharmacie.be\/\">www.pharmacie.be<\/a><\/strong><\/p>\n<p>URL du site : <strong>www.lsrpharma.be<\/strong><\/p>\n<p>Num\u00e9ro d\u2019entreprise :<strong>TVA BE 0666.414.942 \/ TVA BE 0475.822.117<\/strong>[\/vc_column_text][\/vc_column][\/vc_row]<\/p>\n","protected":false},"excerpt":{"rendered":"<p>[vc_row section_id=\u00a0\u00bbbanner\u00a0\u00bb][vc_column heading_color=\u00a0\u00bblight\u00a0\u00bb][\/vc_column][\/vc_row][vc_row padding_top_multiplier=\u00a0\u00bb3x\u00a0\u00bb padding_bottom_multiplier=\u00a0\u00bb3x\u00a0\u00bb][vc_column][vc_column_text]Nom du titulaire : Val\u00e9rie Wilmart Adresse g\u00e9ographique : Rue de Huy, 153 Num\u00e9ro de t\u00e9l\u00e9phone : 019\/65.90.05 Num\u00e9ro d\u2019autorisation APB n\u00b0644201 Heures d\u2019ouverture de la pharmacie : ici Information concernant le service de garde : www.pharmacie.be URL du site : www.lsrpharma.be Num\u00e9ro d\u2019entreprise :TVA BE 0666.414.942 \/ TVA BE 0475.822.117[\/vc_column_text][\/vc_column][\/vc_row]<\/p>\n","protected":false},"author":1,"featured_media":0,"parent":0,"menu_order":0,"comment_status":"closed","ping_status":"closed","template":"","meta":{"footnotes":""},"class_list":["post-285","page","type-page","status-publish","hentry"],"_links":{"self":[{"href":"https:\/\/akaption.be\/lsrpharma\/wp-json\/wp\/v2\/pages\/285","targetHints":{"allow":["GET"]}}],"collection":[{"href":"https:\/\/akaption.be\/lsrpharma\/wp-json\/wp\/v2\/pages"}],"about":[{"href":"https:\/\/akaption.be\/lsrpharma\/wp-json\/wp\/v2\/types\/page"}],"author":[{"embeddable":true,"href":"https:\/\/akaption.be\/lsrpharma\/wp-json\/wp\/v2\/users\/1"}],"replies":[{"embeddable":true,"href":"https:\/\/akaption.be\/lsrpharma\/wp-json\/wp\/v2\/comments?post=285"}],"version-history":[{"count":6,"href":"https:\/\/akaption.be\/lsrpharma\/wp-json\/wp\/v2\/pages\/285\/revisions"}],"predecessor-version":[{"id":574,"href":"https:\/\/akaption.be\/lsrpharma\/wp-json\/wp\/v2\/pages\/285\/revisions\/574"}],"wp:attachment":[{"href":"https:\/\/akaption.be\/lsrpharma\/wp-json\/wp\/v2\/media?parent=285"}],"curies":[{"name":"wp","href":"https:\/\/api.w.org\/{rel}","templated":true}]}}